{"id":18,"date":"2024-03-15T14:31:51","date_gmt":"2024-03-15T14:31:51","guid":{"rendered":"https:\/\/www.moot.ch\/2025\/?page_id=18"},"modified":"2025-05-24T20:07:18","modified_gmt":"2025-05-24T20:07:18","slug":"moot-portugal-2025","status":"publish","type":"page","link":"https:\/\/www.moot.ch\/2025\/","title":{"rendered":"Home"},"content":{"rendered":"\n<div class=\"wp-block-columns alignwide is-layout-flex wp-container-core-columns-is-layout-1302ab08 wp-block-columns-is-layout-flex\" style=\"padding-top:0;padding-bottom:0\">\n<div class=\"wp-block-column is-vertically-aligned-stretch is-layout-flow wp-block-column-is-layout-flow\" style=\"padding-top:0;padding-bottom:0;flex-basis:50%\">\n<div class=\"wp-block-group is-vertical is-content-justification-stretch is-layout-flex wp-container-core-group-is-layout-240c3b3e wp-block-group-is-layout-flex\" style=\"min-height:100%;margin-top:0;margin-bottom:0;padding-bottom:0\">\n<h2 class=\"wp-block-heading has-x-large-font-size\">Portugal, here we go!<\/h2>\n\n\n\n<div class=\"wp-block-group has-global-padding is-content-justification-left is-layout-constrained wp-container-core-group-is-layout-f5b30a29 wp-block-group-is-layout-constrained\">\n<p>Nur alle vier Jahre findet das World Scout Moot statt. Im Sommer 2025 ist es wieder so weit.&nbsp;Rover aus der ganzen Welt im Alter von 18 bis 25 Jahren kommen in Portugal zusammen.<\/p>\n\n\n\n<p>Gemeinsam erleben sie ein Pfadilager, schliessen Freund-schaften, die ein Leben lang halten und lernen von- und \u00fcbereinander. <\/p>\n\n\n\n<p>Das Moot f\u00f6rdert die Prinzipien der Weltpfadibewegung, bietet jungen Erwachsenen eine unvergessliche Erfahrung und ermutigt sie, aktive Weltenb\u00fcrger:innen zu sein.<\/p>\n\n\n\n<div style=\"height:30px\" aria-hidden=\"true\" class=\"wp-block-spacer\"><\/div>\n\n\n\n<p><\/p>\n<\/div>\n<\/div>\n<\/div>\n\n\n\n<div class=\"wp-block-column is-vertically-aligned-center is-layout-flow wp-container-core-column-is-layout-6f5e594d wp-block-column-is-layout-flow\" style=\"border-style:none;border-width:0px;padding-top:0;padding-bottom:0;flex-basis:50%\">\n<figure class=\"wp-block-image size-large is-resized is-style-rounded is-style-rounded--1\"><img loading=\"lazy\" decoding=\"async\" width=\"1024\" height=\"682\" src=\"https:\/\/www.moot.ch\/2025\/wp-content\/uploads\/2024\/03\/20220728201102_THI-1024x682.jpg\" alt=\"\" class=\"wp-image-278\" style=\"aspect-ratio:1;object-fit:cover;width:600px\" srcset=\"https:\/\/www.moot.ch\/2025\/wp-content\/uploads\/2024\/03\/20220728201102_THI-1024x682.jpg 1024w, https:\/\/www.moot.ch\/2025\/wp-content\/uploads\/2024\/03\/20220728201102_THI-300x200.jpg 300w, https:\/\/www.moot.ch\/2025\/wp-content\/uploads\/2024\/03\/20220728201102_THI-768x512.jpg 768w, https:\/\/www.moot.ch\/2025\/wp-content\/uploads\/2024\/03\/20220728201102_THI-1536x1024.jpg 1536w, https:\/\/www.moot.ch\/2025\/wp-content\/uploads\/2024\/03\/20220728201102_THI.jpg 2000w\" sizes=\"auto, (max-width: 1024px) 100vw, 1024px\" \/><figcaption class=\"wp-element-caption\">(\u00a9Verein Bula 2021\/Thomas Hirt)<\/figcaption><\/figure>\n<\/div>\n<\/div>\n\n\n\n<div class=\"wp-block-group alignfull has-base-color has-contrast-background-color has-text-color has-background has-link-color wp-elements-c13f1a10e577331d593adbd350c11881 has-global-padding is-layout-constrained wp-container-core-group-is-layout-75012026 wp-block-group-is-layout-constrained\" style=\"margin-top:0;margin-bottom:0;padding-top:var(--wp--preset--spacing--40);padding-right:var(--wp--preset--spacing--60);padding-bottom:var(--wp--preset--spacing--40);padding-left:var(--wp--preset--spacing--60);background-position:48% 74%;background-size:cover;\">\n<div class=\"wp-block-group alignwide is-layout-flow wp-container-core-group-is-layout-19eabfb7 wp-block-group-is-layout-flow\">\n<div style=\"height:var(--wp--preset--spacing--10)\" aria-hidden=\"true\" class=\"wp-block-spacer\"><\/div>\n\n\n\n<h2 class=\"wp-block-heading has-text-align-center has-base-color has-text-color has-link-color has-x-large-font-size wp-elements-6187a569b503c11303005383b932d67e\"><strong>Get engaged!<br>Engage Others!<br>Engage with Others!<\/strong><\/h2>\n\n\n\n<p class=\"has-text-align-center\" style=\"font-style:normal;font-weight:500\">Das ist Motto und Programm des 16<sup>th<\/sup> World Scout Moot 2025 in Portugal.&nbsp;<\/p>\n\n\n\n<div style=\"height:var(--wp--preset--spacing--10)\" aria-hidden=\"true\" class=\"wp-block-spacer\"><\/div>\n<\/div>\n\n\n\n<h3 class=\"wp-block-heading has-large-font-size\" style=\"padding-right:0;padding-left:0\"><\/h3>\n<\/div>\n\n\n\n<div class=\"wp-block-group alignfull has-accent-background-color has-background has-global-padding is-layout-constrained wp-container-core-group-is-layout-b3cbe11e wp-block-group-is-layout-constrained\" style=\"margin-top:var(--wp--preset--spacing--50);margin-bottom:0;padding-top:var(--wp--preset--spacing--20);padding-right:var(--wp--preset--spacing--50);padding-bottom:var(--wp--preset--spacing--20);padding-left:var(--wp--preset--spacing--50)\">\n<div class=\"wp-block-columns alignwide is-layout-flex wp-container-core-columns-is-layout-714d85e9 wp-block-columns-is-layout-flex\">\n<div class=\"wp-block-column is-vertically-aligned-top is-layout-flow wp-container-core-column-is-layout-e3d1c41b wp-block-column-is-layout-flow\" style=\"flex-basis:50%\">\n<h2 class=\"wp-block-heading has-x-large-font-size\">Programm<\/h2>\n\n\n\n<p class=\"wp-container-content-0733e5d0\">Das Moot bietet ein breites Spektrum an Aktivit\u00e4ten und ein abwechslungsreiches Programm: von Abenteuern im Freien \u00fcber kulturellen Austausch hin zu gemeinn\u00fctzigen Projekten und Bildungsworkshops. Die Schweizer Delegation reist gemeinsam nach Portugal und verbringt dort ein Vorlager. Mit der Er\u00f6ffnungsfeier in Lissabon beginnt das Moot. Die Teilnehmenden tauchen in kleinen internationalen Gruppen (Patrols) auf einem sogenannten \u00abPath\u00bb in die portugiesische Kultur ein. Nach f\u00fcnf Tagen treffen sich alle im Hauptlager in der N\u00e4he von Porto.<\/p>\n\n\n\n<p class=\"wp-container-content-0733e5d0\">Selbstverst\u00e4ndlich werden die Rover eine aktive Rolle bei der Gestaltung des Programms einnehmen. Sie planen das Vor- und Nachprogramm der Schweizer Delegation mit und f\u00fchren eigene Projekte durch. <br><br><a href=\"https:\/\/www.moot.ch\/2025\/programm\/\" target=\"_blank\" rel=\"noreferrer noopener\">MEHR ERFAHREN<\/a><\/p>\n<\/div>\n\n\n\n<div class=\"wp-block-column is-vertically-aligned-top is-layout-flow wp-block-column-is-layout-flow\" style=\"flex-basis:50%\">\n<figure class=\"wp-block-image size-large is-resized is-style-rounded is-style-rounded--2\"><img loading=\"lazy\" decoding=\"async\" width=\"2560\" height=\"2560\" src=\"https:\/\/www.moot.ch\/2025\/wp-content\/uploads\/2024\/04\/AdobeStock_287407359-edited-3-scaled.jpeg\" alt=\"\" class=\"wp-image-639\" style=\"width:588px;height:auto\" srcset=\"https:\/\/www.moot.ch\/2025\/wp-content\/uploads\/2024\/04\/AdobeStock_287407359-edited-3-scaled.jpeg 2560w, https:\/\/www.moot.ch\/2025\/wp-content\/uploads\/2024\/04\/AdobeStock_287407359-edited-3-300x300.jpeg 300w, https:\/\/www.moot.ch\/2025\/wp-content\/uploads\/2024\/04\/AdobeStock_287407359-edited-3-1024x1024.jpeg 1024w, https:\/\/www.moot.ch\/2025\/wp-content\/uploads\/2024\/04\/AdobeStock_287407359-edited-3-150x150.jpeg 150w, https:\/\/www.moot.ch\/2025\/wp-content\/uploads\/2024\/04\/AdobeStock_287407359-edited-3-768x768.jpeg 768w, https:\/\/www.moot.ch\/2025\/wp-content\/uploads\/2024\/04\/AdobeStock_287407359-edited-3-1536x1536.jpeg 1536w, https:\/\/www.moot.ch\/2025\/wp-content\/uploads\/2024\/04\/AdobeStock_287407359-edited-3-2048x2048.jpeg 2048w\" sizes=\"auto, (max-width: 2560px) 100vw, 2560px\" \/><\/figure>\n<\/div>\n<\/div>\n<\/div>\n\n\n\n<div class=\"wp-block-group alignfull has-accent-background-color has-background has-global-padding is-layout-constrained wp-container-core-group-is-layout-b3cbe11e wp-block-group-is-layout-constrained\" style=\"margin-top:var(--wp--preset--spacing--50);margin-bottom:0;padding-top:var(--wp--preset--spacing--20);padding-right:var(--wp--preset--spacing--50);padding-bottom:var(--wp--preset--spacing--20);padding-left:var(--wp--preset--spacing--50)\">\n<div class=\"wp-block-columns alignwide is-layout-flex wp-container-core-columns-is-layout-714d85e9 wp-block-columns-is-layout-flex\">\n<div class=\"wp-block-column is-vertically-aligned-top is-layout-flow wp-container-core-column-is-layout-e3d1c41b wp-block-column-is-layout-flow\" style=\"flex-basis:50%\">\n<h2 class=\"wp-block-heading has-x-large-font-size\">Als Teilnehmer:in dabei sein<\/h2>\n\n\n\n<p class=\"wp-container-content-0733e5d0\">Du bist zwischen dem 26. Juli 1999 und dem 25. Juli 2007 geboren? Du hast Lust, mit Schweizer Rovern nach Portugal zu reisen, Pfadis aus der ganzen Welt kennenzulernen und gemeinsam mit ihnen den Sommer deines Lebens zu verbringen? Dann bist du als Teilnehmer:in im 16<sup>th<\/sup> World Scout Moot 2025 dabei.&nbsp; <br><\/p>\n<\/div>\n\n\n\n<div class=\"wp-block-column is-vertically-aligned-top is-layout-flow wp-block-column-is-layout-flow\" style=\"flex-basis:50%\">\n<h2 class=\"wp-block-heading\">Als Helfer:in (IST) dabei sein<\/h2>\n\n\n\n<p>Selbstverst\u00e4ndlich bist du auch herzlich willkommen, wenn du schon etwas \u00e4lter bist. Alle, die vor dem 26. Juli 1999 geboren sind, k\u00f6nnen als Mitglied des \u00abInternational Service Teams IST\u00bb am Moot teilnehmen. Logistische Aufgaben, Hilfe bei Programmaktivit\u00e4ten, \u00dcbersetzungsdienste und die Gew\u00e4hrleistung des allgemeinen Wohlbefindens und der Sicherheit der Teilnehmenden &#8211; ohne Helfer:innen w\u00e4re das Moot nicht m\u00f6glich.<\/p>\n<\/div>\n<\/div>\n<\/div>\n\n\n\n<div class=\"wp-block-group alignfull has-base-color has-contrast-background-color has-text-color has-background has-link-color wp-elements-24e0f258367e0be107fb4a5ccb262a08 has-global-padding is-layout-constrained wp-container-core-group-is-layout-75012026 wp-block-group-is-layout-constrained\" style=\"margin-top:0;margin-bottom:0;padding-top:var(--wp--preset--spacing--40);padding-right:var(--wp--preset--spacing--60);padding-bottom:var(--wp--preset--spacing--40);padding-left:var(--wp--preset--spacing--60);background-position:48% 74%;background-size:cover;\">\n<div class=\"wp-block-group alignwide is-layout-flow wp-container-core-group-is-layout-19eabfb7 wp-block-group-is-layout-flow\">\n<div style=\"height:var(--wp--preset--spacing--10)\" aria-hidden=\"true\" class=\"wp-block-spacer\"><\/div>\n\n\n\n<p class=\"has-text-align-center has-base-color has-text-color has-link-color has-heading-font-family has-x-large-font-size wp-elements-f8fd8f3f46d32c5e2066dcfb8e955f60\" style=\"font-style:normal;font-weight:400;line-height:1.2\">Die Anmeldung f\u00fcrs Moot 2025 ist abgeschlossen. Die Schweizer Delegation ist komplett.<\/p>\n\n\n\n<div style=\"height:var(--wp--preset--spacing--10)\" aria-hidden=\"true\" class=\"wp-block-spacer\"><\/div>\n<\/div>\n<\/div>\n\n\n\n<div class=\"wp-block-group alignwide has-global-padding is-layout-constrained wp-block-group-is-layout-constrained\" id=\"kontakt\">\n<div class=\"wp-block-group alignwide is-layout-flow wp-block-group-is-layout-flow\" id=\"Kontakt\" style=\"padding-top:var(--wp--preset--spacing--50);padding-bottom:var(--wp--preset--spacing--10)\">\n<hr class=\"wp-block-separator has-alpha-channel-opacity is-style-wide\"\/>\n\n\n\n<div class=\"wp-block-columns is-layout-flex wp-container-core-columns-is-layout-84adac04 wp-block-columns-is-layout-flex\" style=\"margin-top:var(--wp--preset--spacing--30);margin-bottom:var(--wp--preset--spacing--30);padding-top:0\">\n<div class=\"wp-block-column is-layout-flow wp-block-column-is-layout-flow\" style=\"flex-basis:28%\">\n<div class=\"wp-block-group is-vertical is-layout-flex wp-container-core-group-is-layout-ea0cb840 wp-block-group-is-layout-flex\"><div class=\"wp-block-site-logo\"><a href=\"https:\/\/www.moot.ch\/2025\/\" class=\"custom-logo-link\" rel=\"home\"><img loading=\"lazy\" decoding=\"async\" width=\"230\" height=\"69\" src=\"https:\/\/www.moot.ch\/2025\/wp-content\/uploads\/2024\/04\/Logo-transparent.png\" class=\"custom-logo\" alt=\"Moot 2025 Portugal\" srcset=\"https:\/\/www.moot.ch\/2025\/wp-content\/uploads\/2024\/04\/Logo-transparent.png 1000w, https:\/\/www.moot.ch\/2025\/wp-content\/uploads\/2024\/04\/Logo-transparent-300x91.png 300w, https:\/\/www.moot.ch\/2025\/wp-content\/uploads\/2024\/04\/Logo-transparent-768x232.png 768w\" sizes=\"auto, (max-width: 230px) 100vw, 230px\" \/><\/a><\/div><\/div>\n<\/div>\n\n\n\n<div class=\"wp-block-column is-layout-flow wp-block-column-is-layout-flow\" style=\"flex-basis:20%\">\n<figure class=\"wp-block-image size-full is-resized\"><a href=\"https:\/\/hajk.ch\"><img loading=\"lazy\" decoding=\"async\" width=\"522\" height=\"448\" src=\"https:\/\/www.moot.ch\/2025\/wp-content\/uploads\/2024\/10\/Dein-Pfadishop_DE_schwarz-1.png\" alt=\"\" class=\"wp-image-892\" style=\"width:92px;height:auto\" srcset=\"https:\/\/www.moot.ch\/2025\/wp-content\/uploads\/2024\/10\/Dein-Pfadishop_DE_schwarz-1.png 522w, https:\/\/www.moot.ch\/2025\/wp-content\/uploads\/2024\/10\/Dein-Pfadishop_DE_schwarz-1-300x257.png 300w\" sizes=\"auto, (max-width: 522px) 100vw, 522px\" \/><\/a><\/figure>\n<\/div>\n\n\n\n<div class=\"wp-block-column is-layout-flow wp-block-column-is-layout-flow\" style=\"flex-basis:16%\">\n<div class=\"wp-block-group is-vertical is-layout-flex wp-container-core-group-is-layout-ea0cb840 wp-block-group-is-layout-flex\">\n<h3 class=\"wp-block-heading has-body-font-family has-medium-font-size\">Kontakt<\/h3>\n\n\n\n<p><a href=\"mailto:info@moot.ch\">info@moot.ch<\/a><\/p>\n<\/div>\n<\/div>\n\n\n\n<div class=\"wp-block-column is-layout-flow wp-block-column-is-layout-flow\" style=\"flex-basis:16%\">\n<div class=\"wp-block-columns is-not-stacked-on-mobile is-layout-flex wp-container-core-columns-is-layout-28f84493 wp-block-columns-is-layout-flex\">\n<div class=\"wp-block-column is-layout-flow wp-block-column-is-layout-flow\">\n<div class=\"wp-block-group is-vertical is-layout-flex wp-container-core-group-is-layout-ea0cb840 wp-block-group-is-layout-flex\">\n<h3 class=\"wp-block-heading has-body-font-family has-medium-font-size\">Social<\/h3>\n\n\n\n<p><a href=\"https:\/\/www.instagram.com\/moot_schweiz_suisse_svizzera\" data-type=\"link\" data-id=\"https:\/\/instagram.com\/moot.swiss\" target=\"_blank\" rel=\"noreferrer noopener\">Instagram<\/a><\/p>\n<\/div>\n<\/div>\n<\/div>\n<\/div>\n\n\n\n<div class=\"wp-block-column is-layout-flow wp-block-column-is-layout-flow\" style=\"flex-basis:20%\">\n<div class=\"wp-block-group is-vertical is-layout-flex wp-container-core-group-is-layout-ea0cb840 wp-block-group-is-layout-flex\">\n<h3 class=\"wp-block-heading has-body-font-family has-medium-font-size\">Website Moot Portugal<\/h3>\n\n\n\n<p><a href=\"http:\/\/worldscoutmoot.pt\" data-type=\"link\" data-id=\"worldscoutmoot.pt\" target=\"_blank\" rel=\"noreferrer noopener\">worldscoutmoot.pt<\/a><\/p>\n<\/div>\n<\/div>\n<\/div>\n<\/div>\n<\/div>\n","protected":false},"excerpt":{"rendered":"<p>Portugal, here we go! Nur alle vier Jahre findet das World Scout Moot statt. Im Sommer 2025 ist es wieder so weit.&nbsp;Rover aus der ganzen Welt im Alter von 18 bis 25 Jahren kommen in Portugal zusammen. Gemeinsam erleben sie ein Pfadilager, schliessen Freund-schaften, die ein Leben lang halten und lernen von- und \u00fcbereinander. Das [&hellip;]<\/p>\n","protected":false},"author":1,"featured_media":0,"parent":0,"menu_order":0,"comment_status":"closed","ping_status":"closed","template":"page-no-title","meta":{"footnotes":""},"class_list":["post-18","page","type-page","status-publish","hentry"],"lang":"de","translations":{"de":18,"fr":446,"it":438},"pll_sync_post":[],"_links":{"self":[{"href":"https:\/\/www.moot.ch\/2025\/wp-json\/wp\/v2\/pages\/18","targetHints":{"allow":["GET"]}}],"collection":[{"href":"https:\/\/www.moot.ch\/2025\/wp-json\/wp\/v2\/pages"}],"about":[{"href":"https:\/\/www.moot.ch\/2025\/wp-json\/wp\/v2\/types\/page"}],"author":[{"embeddable":true,"href":"https:\/\/www.moot.ch\/2025\/wp-json\/wp\/v2\/users\/1"}],"replies":[{"embeddable":true,"href":"https:\/\/www.moot.ch\/2025\/wp-json\/wp\/v2\/comments?post=18"}],"version-history":[{"count":229,"href":"https:\/\/www.moot.ch\/2025\/wp-json\/wp\/v2\/pages\/18\/revisions"}],"predecessor-version":[{"id":1021,"href":"https:\/\/www.moot.ch\/2025\/wp-json\/wp\/v2\/pages\/18\/revisions\/1021"}],"wp:attachment":[{"href":"https:\/\/www.moot.ch\/2025\/wp-json\/wp\/v2\/media?parent=18"}],"curies":[{"name":"wp","href":"https:\/\/api.w.org\/{rel}","templated":true}]}}