{"id":456,"date":"2024-04-03T18:37:59","date_gmt":"2024-04-03T18:37:59","guid":{"rendered":"https:\/\/www.moot.ch\/2025\/?page_id=456"},"modified":"2024-12-26T08:05:02","modified_gmt":"2024-12-26T08:05:02","slug":"team","status":"publish","type":"page","link":"https:\/\/www.moot.ch\/2025\/fr\/team\/","title":{"rendered":"Team"},"content":{"rendered":"\n<div class=\"wp-block-columns alignwide is-layout-flex wp-container-core-columns-is-layout-7fc3d43a wp-block-columns-is-layout-flex\">\n<div class=\"wp-block-column is-layout-flow wp-block-column-is-layout-flow\">\n<h2 class=\"wp-block-heading\">Team<\/h2>\n\n\n\n<p><strong>La&nbsp;maitrise de la d\u00e9l\u00e9gation&nbsp;organise le voyage aller et retour, le pr\u00e9programme ainsi que toutes les activit\u00e9s de la d\u00e9l\u00e9gation suisse avant, pendant et apr\u00e8s le Moot.<\/strong><\/p>\n\n\n\n<div style=\"height:100px\" aria-hidden=\"true\" class=\"wp-block-spacer\"><\/div>\n<\/div>\n<\/div>\n\n\n\n<div class=\"wp-block-columns alignwide is-layout-flex wp-container-core-columns-is-layout-28f84493 wp-block-columns-is-layout-flex\">\n<div class=\"wp-block-column is-layout-flow wp-block-column-is-layout-flow\" style=\"flex-basis:33.33%\">\n<h2 class=\"wp-block-heading\"><\/h2>\n\n\n\n<p class=\"has-text-align-left\"><\/p>\n<\/div>\n\n\n\n<div class=\"wp-block-column has-global-padding is-content-justification-right is-layout-constrained wp-container-core-column-is-layout-365dcd61 wp-block-column-is-layout-constrained\" style=\"flex-basis:66.6%\">\n<div class=\"wp-block-columns is-layout-flex wp-container-core-columns-is-layout-4935966c wp-block-columns-is-layout-flex\" style=\"padding-right:0;padding-left:0\">\n<div class=\"wp-block-column is-layout-flow wp-block-column-is-layout-flow\">\n<figure class=\"wp-block-image size-full is-style-rounded wp-duotone-000000-fde8e7-2 is-style-rounded--1\"><img loading=\"lazy\" decoding=\"async\" width=\"2560\" height=\"2560\" src=\"https:\/\/www.moot.ch\/2025\/wp-content\/uploads\/2024\/03\/IMG_5397-1-edited-scaled.jpeg\" alt=\"\" class=\"wp-image-292\" style=\"aspect-ratio:1;object-fit:cover\" srcset=\"https:\/\/www.moot.ch\/2025\/wp-content\/uploads\/2024\/03\/IMG_5397-1-edited-scaled.jpeg 2560w, https:\/\/www.moot.ch\/2025\/wp-content\/uploads\/2024\/03\/IMG_5397-1-edited-300x300.jpeg 300w, https:\/\/www.moot.ch\/2025\/wp-content\/uploads\/2024\/03\/IMG_5397-1-edited-1024x1024.jpeg 1024w, https:\/\/www.moot.ch\/2025\/wp-content\/uploads\/2024\/03\/IMG_5397-1-edited-150x150.jpeg 150w, https:\/\/www.moot.ch\/2025\/wp-content\/uploads\/2024\/03\/IMG_5397-1-edited-768x768.jpeg 768w, https:\/\/www.moot.ch\/2025\/wp-content\/uploads\/2024\/03\/IMG_5397-1-edited-1536x1536.jpeg 1536w, https:\/\/www.moot.ch\/2025\/wp-content\/uploads\/2024\/03\/IMG_5397-1-edited-2048x2048.jpeg 2048w\" sizes=\"auto, (max-width: 2560px) 100vw, 2560px\" \/><\/figure>\n\n\n\n<div class=\"wp-block-group is-vertical is-content-justification-center is-nowrap is-layout-flex wp-container-core-group-is-layout-21d4e958 wp-block-group-is-layout-flex\">\n<p class=\"has-text-align-center has-small-font-size\"><a href=\"mailto:ithildid@moot.ch\"><strong>Ithildid \/ Claudia Rohr<\/strong><\/a><\/p>\n\n\n\n<p class=\"has-text-align-center has-small-font-size\">Responsable de la d\u00e9l\u00e9gation<\/p>\n<\/div>\n<\/div>\n\n\n\n<div class=\"wp-block-column is-layout-flow wp-block-column-is-layout-flow\">\n<figure class=\"wp-block-image size-full is-style-rounded wp-duotone-111111-fde8e7-4 is-style-rounded--3\"><img loading=\"lazy\" decoding=\"async\" width=\"2560\" height=\"2560\" src=\"https:\/\/www.moot.ch\/2025\/wp-content\/uploads\/2024\/03\/IMG_5381-1-edited-scaled.jpeg\" alt=\"\" class=\"wp-image-304\" style=\"aspect-ratio:1;object-fit:cover\" srcset=\"https:\/\/www.moot.ch\/2025\/wp-content\/uploads\/2024\/03\/IMG_5381-1-edited-scaled.jpeg 2560w, https:\/\/www.moot.ch\/2025\/wp-content\/uploads\/2024\/03\/IMG_5381-1-edited-300x300.jpeg 300w, https:\/\/www.moot.ch\/2025\/wp-content\/uploads\/2024\/03\/IMG_5381-1-edited-1024x1024.jpeg 1024w, https:\/\/www.moot.ch\/2025\/wp-content\/uploads\/2024\/03\/IMG_5381-1-edited-150x150.jpeg 150w, https:\/\/www.moot.ch\/2025\/wp-content\/uploads\/2024\/03\/IMG_5381-1-edited-768x768.jpeg 768w, https:\/\/www.moot.ch\/2025\/wp-content\/uploads\/2024\/03\/IMG_5381-1-edited-1536x1536.jpeg 1536w, https:\/\/www.moot.ch\/2025\/wp-content\/uploads\/2024\/03\/IMG_5381-1-edited-2048x2048.jpeg 2048w\" sizes=\"auto, (max-width: 2560px) 100vw, 2560px\" \/><\/figure>\n\n\n\n<div class=\"wp-block-group is-vertical is-content-justification-center is-nowrap is-layout-flex wp-container-core-group-is-layout-63bfd6c1 wp-block-group-is-layout-flex\">\n<p class=\"has-text-align-center has-small-font-size\"><strong><a href=\"mailto:goofy@moot.ch\" data-type=\"mailto\" data-id=\"mailto:goofy@moot.ch\">Goofy \/ Martin Lustenberger<\/a><\/strong><\/p>\n\n\n\n<p class=\"has-text-align-center has-small-font-size\">Responsable de la d\u00e9l\u00e9gation<\/p>\n<\/div>\n<\/div>\n<\/div>\n\n\n\n<div class=\"wp-block-columns is-layout-flex wp-container-core-columns-is-layout-4935966c wp-block-columns-is-layout-flex\" style=\"padding-right:0;padding-left:0\">\n<div class=\"wp-block-column is-layout-flow wp-block-column-is-layout-flow\">\n<figure class=\"wp-block-image size-full is-style-rounded wp-duotone-111111-fde8e7-6 is-style-rounded--5\"><img loading=\"lazy\" decoding=\"async\" width=\"2560\" height=\"2560\" src=\"https:\/\/www.moot.ch\/2025\/wp-content\/uploads\/2024\/03\/IMG_5373-edited-scaled.jpeg\" alt=\"\" class=\"wp-image-297\" style=\"aspect-ratio:1;object-fit:cover\" srcset=\"https:\/\/www.moot.ch\/2025\/wp-content\/uploads\/2024\/03\/IMG_5373-edited-scaled.jpeg 2560w, https:\/\/www.moot.ch\/2025\/wp-content\/uploads\/2024\/03\/IMG_5373-edited-300x300.jpeg 300w, https:\/\/www.moot.ch\/2025\/wp-content\/uploads\/2024\/03\/IMG_5373-edited-1024x1024.jpeg 1024w, https:\/\/www.moot.ch\/2025\/wp-content\/uploads\/2024\/03\/IMG_5373-edited-150x150.jpeg 150w, https:\/\/www.moot.ch\/2025\/wp-content\/uploads\/2024\/03\/IMG_5373-edited-768x768.jpeg 768w, https:\/\/www.moot.ch\/2025\/wp-content\/uploads\/2024\/03\/IMG_5373-edited-1536x1536.jpeg 1536w, https:\/\/www.moot.ch\/2025\/wp-content\/uploads\/2024\/03\/IMG_5373-edited-2048x2048.jpeg 2048w\" sizes=\"auto, (max-width: 2560px) 100vw, 2560px\" \/><\/figure>\n\n\n\n<div class=\"wp-block-group is-vertical is-content-justification-center is-nowrap is-layout-flex wp-container-core-group-is-layout-63bfd6c1 wp-block-group-is-layout-flex\">\n<p class=\"has-text-align-center has-small-font-size\"><strong><a href=\"mailto:paya@moot.ch\" data-type=\"mailto\" data-id=\"mailto:paya@moot.ch\">Paya \/ Anja Walker<\/a><\/strong><\/p>\n\n\n\n<p class=\"has-text-align-center has-small-font-size\">Communication<\/p>\n<\/div>\n<\/div>\n\n\n\n<div class=\"wp-block-column is-layout-flow wp-block-column-is-layout-flow\">\n<figure class=\"wp-block-image size-full is-style-rounded wp-duotone-111111-fde8e7-8 is-style-rounded--7\"><img loading=\"lazy\" decoding=\"async\" width=\"2560\" height=\"2560\" src=\"https:\/\/www.moot.ch\/2025\/wp-content\/uploads\/2024\/03\/IMG_5393-edited-scaled.jpeg\" alt=\"\" class=\"wp-image-298\" style=\"aspect-ratio:1;object-fit:cover\" srcset=\"https:\/\/www.moot.ch\/2025\/wp-content\/uploads\/2024\/03\/IMG_5393-edited-scaled.jpeg 2560w, https:\/\/www.moot.ch\/2025\/wp-content\/uploads\/2024\/03\/IMG_5393-edited-300x300.jpeg 300w, https:\/\/www.moot.ch\/2025\/wp-content\/uploads\/2024\/03\/IMG_5393-edited-1024x1024.jpeg 1024w, https:\/\/www.moot.ch\/2025\/wp-content\/uploads\/2024\/03\/IMG_5393-edited-150x150.jpeg 150w, https:\/\/www.moot.ch\/2025\/wp-content\/uploads\/2024\/03\/IMG_5393-edited-768x768.jpeg 768w, https:\/\/www.moot.ch\/2025\/wp-content\/uploads\/2024\/03\/IMG_5393-edited-1536x1536.jpeg 1536w, https:\/\/www.moot.ch\/2025\/wp-content\/uploads\/2024\/03\/IMG_5393-edited-2048x2048.jpeg 2048w\" sizes=\"auto, (max-width: 2560px) 100vw, 2560px\" \/><\/figure>\n\n\n\n<div class=\"wp-block-group is-vertical is-content-justification-center is-nowrap is-layout-flex wp-container-core-group-is-layout-21d4e958 wp-block-group-is-layout-flex\">\n<p class=\"has-text-align-center has-small-font-size\"><strong><a href=\"mailto:luoma@moot.ch\" data-type=\"mailto\" data-id=\"mailto:luoma@moot.ch\">Luoma \/ Aline Walker<\/a><\/strong><\/p>\n\n\n\n<p class=\"has-text-align-center has-small-font-size\">Administration<\/p>\n<\/div>\n<\/div>\n<\/div>\n\n\n\n<div class=\"wp-block-columns is-layout-flex wp-container-core-columns-is-layout-4935966c wp-block-columns-is-layout-flex\" style=\"padding-right:0;padding-left:0\">\n<div class=\"wp-block-column is-layout-flow wp-block-column-is-layout-flow\">\n<figure class=\"wp-block-image size-full is-style-rounded wp-duotone-111111-fde8e7-10 is-style-rounded--9\"><img loading=\"lazy\" decoding=\"async\" width=\"632\" height=\"604\" src=\"https:\/\/www.moot.ch\/2025\/wp-content\/uploads\/2024\/03\/4QxN5ltz4J4BEa6bkFXuPN-Kopie.jpg\" alt=\"\" class=\"wp-image-93\" style=\"aspect-ratio:1;object-fit:cover\" srcset=\"https:\/\/www.moot.ch\/2025\/wp-content\/uploads\/2024\/03\/4QxN5ltz4J4BEa6bkFXuPN-Kopie.jpg 632w, https:\/\/www.moot.ch\/2025\/wp-content\/uploads\/2024\/03\/4QxN5ltz4J4BEa6bkFXuPN-Kopie-300x287.jpg 300w\" sizes=\"auto, (max-width: 632px) 100vw, 632px\" \/><\/figure>\n\n\n\n<div class=\"wp-block-group is-vertical is-content-justification-center is-nowrap is-layout-flex wp-container-core-group-is-layout-21d4e958 wp-block-group-is-layout-flex\">\n<p class=\"has-text-align-center has-small-font-size\"><strong><a href=\"mailto:renalin@moot.ch\" data-type=\"mailto\" data-id=\"mailto:renalin@moot.ch\">Renalin \/ Bengiamin Barblan <\/a><\/strong><\/p>\n\n\n\n<p class=\"has-text-align-center has-small-font-size\">Programme<\/p>\n<\/div>\n<\/div>\n\n\n\n<div class=\"wp-block-column is-layout-flow wp-block-column-is-layout-flow\">\n<figure class=\"wp-block-image size-full is-style-rounded wp-duotone-111111-fde8e7-12 is-style-rounded--11\"><img loading=\"lazy\" decoding=\"async\" width=\"1920\" height=\"2560\" src=\"https:\/\/www.moot.ch\/2025\/wp-content\/uploads\/2024\/03\/IMG_5384-scaled.jpeg\" alt=\"\" class=\"wp-image-299\" style=\"aspect-ratio:1;object-fit:cover\" srcset=\"https:\/\/www.moot.ch\/2025\/wp-content\/uploads\/2024\/03\/IMG_5384-scaled.jpeg 1920w, https:\/\/www.moot.ch\/2025\/wp-content\/uploads\/2024\/03\/IMG_5384-225x300.jpeg 225w, https:\/\/www.moot.ch\/2025\/wp-content\/uploads\/2024\/03\/IMG_5384-768x1024.jpeg 768w, https:\/\/www.moot.ch\/2025\/wp-content\/uploads\/2024\/03\/IMG_5384-1152x1536.jpeg 1152w, https:\/\/www.moot.ch\/2025\/wp-content\/uploads\/2024\/03\/IMG_5384-1536x2048.jpeg 1536w\" sizes=\"auto, (max-width: 1920px) 100vw, 1920px\" \/><\/figure>\n\n\n\n<div class=\"wp-block-group is-vertical is-content-justification-center is-nowrap is-layout-flex wp-container-core-group-is-layout-21d4e958 wp-block-group-is-layout-flex\">\n<p class=\"has-text-align-center has-small-font-size\"><strong><a href=\"mailto:fulmino@moot.ch\">Fulmino \/ Oliver Schl\u00e4pfer<\/a><\/strong><\/p>\n\n\n\n<p class=\"has-text-align-center has-small-font-size\">Voyage&nbsp;<\/p>\n<\/div>\n<\/div>\n<\/div>\n\n\n\n<div class=\"wp-block-columns is-layout-flex wp-container-core-columns-is-layout-4935966c wp-block-columns-is-layout-flex\" style=\"padding-right:0;padding-left:0\">\n<div class=\"wp-block-column is-layout-flow wp-block-column-is-layout-flow\">\n<figure class=\"wp-block-image size-full is-style-rounded wp-duotone-111111-fde8e7-14 is-style-rounded--13\"><img loading=\"lazy\" decoding=\"async\" width=\"2560\" height=\"2560\" src=\"https:\/\/www.moot.ch\/2025\/wp-content\/uploads\/2024\/03\/IMG_5395-edited-scaled.jpeg\" alt=\"\" class=\"wp-image-302\" style=\"aspect-ratio:1;object-fit:cover\" srcset=\"https:\/\/www.moot.ch\/2025\/wp-content\/uploads\/2024\/03\/IMG_5395-edited-scaled.jpeg 2560w, https:\/\/www.moot.ch\/2025\/wp-content\/uploads\/2024\/03\/IMG_5395-edited-300x300.jpeg 300w, https:\/\/www.moot.ch\/2025\/wp-content\/uploads\/2024\/03\/IMG_5395-edited-1024x1024.jpeg 1024w, https:\/\/www.moot.ch\/2025\/wp-content\/uploads\/2024\/03\/IMG_5395-edited-150x150.jpeg 150w, https:\/\/www.moot.ch\/2025\/wp-content\/uploads\/2024\/03\/IMG_5395-edited-768x768.jpeg 768w, https:\/\/www.moot.ch\/2025\/wp-content\/uploads\/2024\/03\/IMG_5395-edited-1536x1536.jpeg 1536w, https:\/\/www.moot.ch\/2025\/wp-content\/uploads\/2024\/03\/IMG_5395-edited-2048x2048.jpeg 2048w\" sizes=\"auto, (max-width: 2560px) 100vw, 2560px\" \/><\/figure>\n\n\n\n<div class=\"wp-block-group is-vertical is-content-justification-center is-nowrap is-layout-flex wp-container-core-group-is-layout-21d4e958 wp-block-group-is-layout-flex\">\n<p class=\"has-text-align-center has-small-font-size\"><strong><a href=\"mailto:moite@moot.ch\" data-type=\"mailto\" data-id=\"mailto:moite@moot.ch\">Moite \/ Severin Schweizer<\/a><\/strong><\/p>\n\n\n\n<p class=\"has-text-align-center has-small-font-size\">Finances&nbsp;<\/p>\n<\/div>\n<\/div>\n\n\n\n<div class=\"wp-block-column is-layout-flow wp-block-column-is-layout-flow\">\n<div class=\"wp-block-group is-vertical is-content-justification-center is-nowrap is-layout-flex wp-container-core-group-is-layout-21d4e958 wp-block-group-is-layout-flex\">\n<p class=\"has-text-align-center has-small-font-size\"><\/p>\n\n\n\n<p class=\"has-text-align-center has-small-font-size\"><\/p>\n<\/div>\n<\/div>\n<\/div>\n<\/div>\n<\/div>\n","protected":false},"excerpt":{"rendered":"<p>Team La&nbsp;maitrise de la d\u00e9l\u00e9gation&nbsp;organise le voyage aller et retour, le pr\u00e9programme ainsi que toutes les activit\u00e9s de la d\u00e9l\u00e9gation suisse avant, pendant et apr\u00e8s le Moot. Ithildid \/ Claudia Rohr Responsable de la d\u00e9l\u00e9gation Goofy \/ Martin Lustenberger Responsable de la d\u00e9l\u00e9gation Paya \/ Anja Walker Communication Luoma \/ Aline Walker Administration Renalin \/ [&hellip;]<\/p>\n","protected":false},"author":1,"featured_media":286,"parent":0,"menu_order":3,"comment_status":"closed","ping_status":"closed","template":"page-no-title","meta":{"footnotes":""},"class_list":["post-456","page","type-page","status-publish","has-post-thumbnail","hentry"],"lang":"fr","translations":{"fr":456,"it":442,"de":155},"pll_sync_post":[],"_links":{"self":[{"href":"https:\/\/www.moot.ch\/2025\/wp-json\/wp\/v2\/pages\/456","targetHints":{"allow":["GET"]}}],"collection":[{"href":"https:\/\/www.moot.ch\/2025\/wp-json\/wp\/v2\/pages"}],"about":[{"href":"https:\/\/www.moot.ch\/2025\/wp-json\/wp\/v2\/types\/page"}],"author":[{"embeddable":true,"href":"https:\/\/www.moot.ch\/2025\/wp-json\/wp\/v2\/users\/1"}],"replies":[{"embeddable":true,"href":"https:\/\/www.moot.ch\/2025\/wp-json\/wp\/v2\/comments?post=456"}],"version-history":[{"count":8,"href":"https:\/\/www.moot.ch\/2025\/wp-json\/wp\/v2\/pages\/456\/revisions"}],"predecessor-version":[{"id":936,"href":"https:\/\/www.moot.ch\/2025\/wp-json\/wp\/v2\/pages\/456\/revisions\/936"}],"wp:featuredmedia":[{"embeddable":true,"href":"https:\/\/www.moot.ch\/2025\/wp-json\/wp\/v2\/media\/286"}],"wp:attachment":[{"href":"https:\/\/www.moot.ch\/2025\/wp-json\/wp\/v2\/media?parent=456"}],"curies":[{"name":"wp","href":"https:\/\/api.w.org\/{rel}","templated":true}]}}