{"id":47,"date":"2024-03-17T12:26:23","date_gmt":"2024-03-17T12:26:23","guid":{"rendered":"https:\/\/www.moot.ch\/2025\/?page_id=47"},"modified":"2025-03-23T19:31:55","modified_gmt":"2025-03-23T19:31:55","slug":"programm","status":"publish","type":"page","link":"https:\/\/www.moot.ch\/2025\/programm\/","title":{"rendered":"Programm"},"content":{"rendered":"\n<div class=\"wp-block-columns alignwide is-layout-flex wp-container-core-columns-is-layout-7fc3d43a wp-block-columns-is-layout-flex\">\n<div class=\"wp-block-column is-layout-flow wp-block-column-is-layout-flow\">\n<h2 class=\"wp-block-heading\">Programm<\/h2>\n\n\n\n<p><strong>Das Moot bietet ein abwechslungsreiches Programm. W\u00e4hrend des Vorlagerss lernt sich die Schweizer Delegation kennen und bereitet das Moot gemeinsam vor.<\/strong> <strong>Die Rover helfen aktiv mit. Wie sie sich beteiligen, entscheiden sie selbst. Sie k\u00f6nnen bei einem von der Delegationsleitung vorgeschlagenen Projekt mitwirken oder ihre eigenen Idee einbringen.<\/strong> <strong>Im Juli 2025 reisen wir alle gemeinsam nach Portugal, verbringen dort ein Vorlager, bevor das Moot am 25. Juli 2025 offiziell beginnt. <\/strong><\/p>\n\n\n\n<div style=\"height:100px\" aria-hidden=\"true\" class=\"wp-block-spacer\"><\/div>\n<\/div>\n<\/div>\n\n\n\n<div class=\"wp-block-columns alignwide is-layout-flex wp-container-core-columns-is-layout-7fc3d43a wp-block-columns-is-layout-flex\">\n<div class=\"wp-block-column is-layout-flow wp-block-column-is-layout-flow\" style=\"flex-basis:33.33%\">\n<p><strong>Vorprogramm<\/strong><\/p>\n\n\n\n<p>Alle Teilnehmenden und Helfenden (IST) nehmen entweder am Vorbereitungstreffen am 13. Oktober in Winterthur oder am Vorbereitungstreffen am 26. Oktober in Fribourg teil. Im Mai 2025 findet das gemeinsame Vorweekend statt.<\/p>\n\n\n\n<div style=\"height:100px\" aria-hidden=\"true\" class=\"wp-block-spacer\"><\/div>\n<\/div>\n\n\n\n<div class=\"wp-block-column table-wrapper is-layout-flow wp-block-column-is-layout-flow\" style=\"flex-basis:66.66%\">\n<div class=\"wp-block-group alignfull has-base-2-background-color has-background has-global-padding is-content-justification-center is-layout-constrained wp-container-core-group-is-layout-bb491d83 wp-block-group-is-layout-constrained\" style=\"border-style:none;border-width:0px;border-radius:25px;min-height:0px;margin-top:0;margin-bottom:0;padding-top:var(--wp--preset--spacing--40);padding-right:var(--wp--preset--spacing--50);padding-bottom:var(--wp--preset--spacing--40);padding-left:var(--wp--preset--spacing--50)\">\n<details class=\"wp-block-details has-medium-font-size is-layout-flow wp-container-core-details-is-layout-8a368f38 wp-block-details-is-layout-flow\" style=\"text-decoration:none\"><summary>Vorbereitungstreffen I: 13. Oktober 2024<\/summary>\n<p style=\"margin-top:0;font-style:normal;font-weight:400\">Die Teilnehmenden und Helfenden (IST) lernen sich kennen und werden mit allen wichtigen Informationen zu den Projekten und zum Moot versorgt. <\/p>\n<\/details>\n\n\n\n<details class=\"wp-block-details has-medium-font-size is-layout-flow wp-container-core-details-is-layout-8a368f38 wp-block-details-is-layout-flow\" style=\"text-decoration:none\"><summary>Vorbereitungstreffen II: 26. Oktober 2024<\/summary>\n<p style=\"margin-top:0;font-style:normal;font-weight:400\">Die Teilnehmenden und Helfenden (IST) lernen sich kennen und werden mit allen wichtigen Informationen zu den Projekten und zum Moot versorgt. <\/p>\n<\/details>\n\n\n\n<details class=\"wp-block-details has-medium-font-size is-layout-flow wp-container-core-details-is-layout-8a368f38 wp-block-details-is-layout-flow\" style=\"text-decoration:none\"><summary>Vorweekend: 17.-18. Mai 2025<\/summary>\n<p style=\"margin-top:0;font-style:normal;font-weight:400\">Die Schweizer Delegation verbringt ein gemeinsames Wochenende, schliesst die Vorbereitungen ab und stimmt sich gemeinsam aufs Moot ein.<\/p>\n<\/details>\n<\/div>\n<\/div>\n<\/div>\n\n\n\n<div class=\"wp-block-columns alignwide is-layout-flex wp-container-core-columns-is-layout-7fc3d43a wp-block-columns-is-layout-flex\">\n<div class=\"wp-block-column is-layout-flow wp-block-column-is-layout-flow\" style=\"flex-basis:33.33%\">\n<p><strong>Vorlager<\/strong><\/p>\n\n\n\n<p>Am 20. Juli 2025 reist die Schweizer Delegation gemeinsam mit dem Flugzeug nach Portugal und verbringt dort ein Vorlager.<\/p>\n\n\n\n<div style=\"height:100px\" aria-hidden=\"true\" class=\"wp-block-spacer\"><\/div>\n<\/div>\n\n\n\n<div class=\"wp-block-column table-wrapper is-layout-flow wp-block-column-is-layout-flow\" style=\"flex-basis:66.66%\">\n<div class=\"wp-block-group alignfull has-base-2-background-color has-background has-global-padding is-content-justification-center is-layout-constrained wp-container-core-group-is-layout-bb491d83 wp-block-group-is-layout-constrained\" style=\"border-style:none;border-width:0px;border-radius:25px;min-height:0px;margin-top:0;margin-bottom:0;padding-top:var(--wp--preset--spacing--40);padding-right:var(--wp--preset--spacing--50);padding-bottom:var(--wp--preset--spacing--40);padding-left:var(--wp--preset--spacing--50)\">\n<details class=\"wp-block-details has-medium-font-size is-layout-flow wp-container-core-details-is-layout-8a368f38 wp-block-details-is-layout-flow\" style=\"text-decoration:none\"><summary>Hinreise: 20. Juli 2025<\/summary>\n<p style=\"margin-top:0;font-style:normal;font-weight:400\">Die Schweizer Delegation reist gemeinsam mit dem Flugzeug nach Portugal. <\/p>\n<\/details>\n\n\n\n<details class=\"wp-block-details alignwide is-layout-flow wp-block-details-is-layout-flow\"><summary>Sonntag, 20. Juli 2025<\/summary>\n<p style=\"margin-top:0;font-style:normal;font-weight:400\">\u00dcbernachtung:&nbsp; Overnight at WOT Hostel Lisbon Patio&nbsp;<\/p>\n\n\n\n<p style=\"margin-top:0;font-style:normal;font-weight:400\">Programm: Travel to Lisbon \/ Welcome Activity&nbsp;<\/p>\n<\/details>\n\n\n\n<details class=\"wp-block-details alignwide is-layout-flow wp-block-details-is-layout-flow\"><summary>Montag, 21. Juli 2025<\/summary>\n<p style=\"margin-top:0;font-style:normal;font-weight:400\">\u00dcbernachtung: Overnight at WOT Hostel Lisbon Patio&nbsp;<\/p>\n\n\n\n<p style=\"margin-top:0;font-style:normal;font-weight:400\">Programm: City tour in Lisbon \/ Special activities e.g Azulejo, Pastel de Nata&nbsp;&nbsp;<\/p>\n<\/details>\n\n\n\n<details class=\"wp-block-details alignwide is-layout-flow wp-block-details-is-layout-flow\"><summary>Dienstag, 22. Juli 2025&nbsp;<\/summary>\n<p style=\"margin-top:0;font-style:normal;font-weight:400\">\u00dcbernachtung: Overnight at \u00c9vora Camping in your own tents&nbsp;<\/p>\n\n\n\n<p style=\"margin-top:0;font-style:normal;font-weight:400\">Programm: Hiking in subgroups along the rugged coast around Cabo da Roca<\/p>\n<\/details>\n\n\n\n<details class=\"wp-block-details alignwide is-layout-flow wp-block-details-is-layout-flow\"><summary>Mittwoch, 23. Juli 2025&nbsp;&nbsp;<\/summary>\n<p style=\"margin-top:0;font-style:normal;font-weight:400\">\u00dcbernachtung: Overnight in Foz do Arelho, on the campsite, in your own tents<\/p>\n\n\n\n<p style=\"margin-top:0;font-style:normal;font-weight:400\">Programm: 3 workshops in subgroups:<\/p>\n\n\n\n<ul class=\"wp-block-list\">\n<li>Tour of the cork and prickly pear farm<\/li>\n\n\n\n<li>Cork processing in the factory&nbsp;<\/li>\n\n\n\n<li>Foxtrail \u00c9vora&nbsp;<\/li>\n<\/ul>\n<\/details>\n\n\n\n<details class=\"wp-block-details alignwide is-layout-flow wp-block-details-is-layout-flow\"><summary>Donnerstag, 24. Juli 2025&nbsp;&nbsp;&nbsp;<\/summary>\n<p style=\"margin-top:0;font-style:normal;font-weight:400\">\u00dcbernachtung: Overnight in Foz do Arelho, on the campsite, in your own tents<\/p>\n\n\n\n<p style=\"margin-top:0;font-style:normal;font-weight:400\">Programm: 5 workshops:<\/p>\n\n\n\n<ul class=\"wp-block-list\">\n<li>Kayaking: discovering \u00d3bidos Lagoon<\/li>\n\n\n\n<li>Hiking: trail with storytelling about the \u00d3bidos Lagoon&nbsp;&nbsp;<\/li>\n\n\n\n<li>Stand Up Paddle: in the \u00d3bidos Lagoon<\/li>\n\n\n\n<li>Waterbikes: experimental workshop<\/li>\n\n\n\n<li>Basket weaving with Nuno&nbsp;<\/li>\n<\/ul>\n<\/details>\n<\/div>\n\n\n\n<p><\/p>\n<\/div>\n<\/div>\n\n\n\n<div class=\"wp-block-columns alignwide is-layout-flex wp-container-core-columns-is-layout-7fc3d43a wp-block-columns-is-layout-flex\">\n<div class=\"wp-block-column is-layout-flow wp-block-column-is-layout-flow\" style=\"flex-basis:33.33%\">\n<p><strong>Moot<\/strong><\/p>\n\n\n\n<p>W\u00e4hrend des Moots sind alle Teilnehmenden Teil einer internationalen Gruppe, eines Patrols, bestehend aus zehn Personen aus verschiedenen Regionen und L\u00e4ndern der Welt. Die Patrols verbringen das ganze Moot gemeinsam, teilen sich einen Lagerplatz und kochen zusammen. Die ersten Tage gehen sie gemeinsam mit drei bis vier anderen Patrols auf einen sogenannten \u00abPath\u00bb. Nach f\u00fcnf Tagen treffen sich alle im Hauptlager in der N\u00e4he von Porto.<\/p>\n\n\n\n<p><\/p>\n\n\n\n<div style=\"height:100px\" aria-hidden=\"true\" class=\"wp-block-spacer\"><\/div>\n<\/div>\n\n\n\n<div class=\"wp-block-column table-wrapper is-layout-flow wp-block-column-is-layout-flow\" style=\"flex-basis:66.66%\">\n<div class=\"wp-block-group alignfull has-base-2-background-color has-background has-global-padding is-content-justification-center is-layout-constrained wp-container-core-group-is-layout-bb491d83 wp-block-group-is-layout-constrained\" style=\"border-style:none;border-width:0px;border-radius:25px;min-height:0px;margin-top:0;margin-bottom:0;padding-top:var(--wp--preset--spacing--40);padding-right:var(--wp--preset--spacing--50);padding-bottom:var(--wp--preset--spacing--40);padding-left:var(--wp--preset--spacing--50)\">\n<details class=\"wp-block-details alignwide is-layout-flow wp-block-details-is-layout-flow\" style=\"font-style:normal;font-weight:500\"><summary>Er\u00f6ffnungsfeier: 25. Juli 2025<\/summary>\n<p style=\"margin-top:0;font-style:normal;font-weight:400\">Das Moot startet mit der offiziellen Er\u00f6ffnungsfeier in Lissabon.<\/p>\n<\/details>\n\n\n\n<details class=\"wp-block-details alignwide is-layout-flow wp-block-details-is-layout-flow\" style=\"font-style:normal;font-weight:500\"><summary>\u00abPath\u00bb: 25.-29. Juli 2025<\/summary>\n<p style=\"margin-top:0;font-style:normal;font-weight:400\">Den ersten Teil des Moot verbringen die Patrols auf einem sogenannten \u00abPath\u00bb. Diese widmen sich den Themen:<\/p>\n\n\n\n<ul class=\"wp-block-list\">\n<li>Nature &amp;&nbsp;adventure&nbsp;<\/li>\n\n\n\n<li>Life &amp;&nbsp;spirituality&nbsp;<\/li>\n\n\n\n<li>Culture &amp;&nbsp;art&nbsp;<\/li>\n\n\n\n<li>Politics &amp;&nbsp;society&nbsp; <\/li>\n<\/ul>\n<\/details>\n\n\n\n<details class=\"wp-block-details alignwide is-layout-flow wp-block-details-is-layout-flow\" style=\"font-style:normal;font-weight:500\"><summary>Hauptlager: 30. Juli-3. August 2025<\/summary>\n<p style=\"margin-top:0;font-style:normal;font-weight:400\">Das Hauptlager findet auf einem gemeinsamen Lagerplatz in der N\u00e4he von Porto statt. Auf die Teilnehmenden warten internationales Pfadilager-Feeling sowie weitere M\u00f6glichkeiten, Freundschaften zu kn\u00fcpfen und portugiesische Traditionen zu erleben. &nbsp;<\/p>\n<\/details>\n\n\n\n<details class=\"wp-block-details alignwide is-style-default is-layout-flow wp-container-core-details-is-layout-8a368f38 wp-block-details-is-layout-flow\" style=\"border-style:none;border-width:0px\"><summary>R\u00fcckreise: 4. August 2025<\/summary>\n<p style=\"margin-top:0;font-style:normal;font-weight:400\">Die Schweizer Delegation reist gemeinsam mit dem Flugzeug nach Hause.<\/p>\n<\/details>\n<\/div>\n<\/div>\n<\/div>\n","protected":false},"excerpt":{"rendered":"<p>Programm Das Moot bietet ein abwechslungsreiches Programm. W\u00e4hrend des Vorlagerss lernt sich die Schweizer Delegation kennen und bereitet das Moot gemeinsam vor. Die Rover helfen aktiv mit. Wie sie sich beteiligen, entscheiden sie selbst. Sie k\u00f6nnen bei einem von der Delegationsleitung vorgeschlagenen Projekt mitwirken oder ihre eigenen Idee einbringen. Im Juli 2025 reisen wir alle [&hellip;]<\/p>\n","protected":false},"author":1,"featured_media":608,"parent":0,"menu_order":1,"comment_status":"closed","ping_status":"closed","template":"page-no-title","meta":{"footnotes":""},"class_list":["post-47","page","type-page","status-publish","has-post-thumbnail","hentry"],"lang":"de","translations":{"de":47,"fr":448,"it":434},"pll_sync_post":[],"_links":{"self":[{"href":"https:\/\/www.moot.ch\/2025\/wp-json\/wp\/v2\/pages\/47","targetHints":{"allow":["GET"]}}],"collection":[{"href":"https:\/\/www.moot.ch\/2025\/wp-json\/wp\/v2\/pages"}],"about":[{"href":"https:\/\/www.moot.ch\/2025\/wp-json\/wp\/v2\/types\/page"}],"author":[{"embeddable":true,"href":"https:\/\/www.moot.ch\/2025\/wp-json\/wp\/v2\/users\/1"}],"replies":[{"embeddable":true,"href":"https:\/\/www.moot.ch\/2025\/wp-json\/wp\/v2\/comments?post=47"}],"version-history":[{"count":68,"href":"https:\/\/www.moot.ch\/2025\/wp-json\/wp\/v2\/pages\/47\/revisions"}],"predecessor-version":[{"id":957,"href":"https:\/\/www.moot.ch\/2025\/wp-json\/wp\/v2\/pages\/47\/revisions\/957"}],"wp:featuredmedia":[{"embeddable":true,"href":"https:\/\/www.moot.ch\/2025\/wp-json\/wp\/v2\/media\/608"}],"wp:attachment":[{"href":"https:\/\/www.moot.ch\/2025\/wp-json\/wp\/v2\/media?parent=47"}],"curies":[{"name":"wp","href":"https:\/\/api.w.org\/{rel}","templated":true}]}}

<div class="wp-block-columns alignwide is-layout-flex wp-container-core-columns-is-layout-7fc3d43a wp-block-columns-is-layout-flex">
<div class="wp-block-column is-layout-flow wp-block-column-is-layout-flow">
<h2 class="wp-block-heading">Programm</h2>



<p><strong>Das Moot bietet ein abwechslungsreiches Programm. Während des Vorlagerss lernt sich die Schweizer Delegation kennen und bereitet das Moot gemeinsam vor.</strong> <strong>Die Rover helfen aktiv mit. Wie sie sich beteiligen, entscheiden sie selbst. Sie können bei einem von der Delegationsleitung vorgeschlagenen Projekt mitwirken oder ihre eigenen Idee einbringen.</strong> <strong>Im Juli 2025 reisen wir alle gemeinsam nach Portugal, verbringen dort ein Vorlager, bevor das Moot am 25. Juli 2025 offiziell beginnt. </strong></p>



<div style="height:100px" aria-hidden="true" class="wp-block-spacer"></div>
</div>
</div>



<div class="wp-block-columns alignwide is-layout-flex wp-container-core-columns-is-layout-7fc3d43a wp-block-columns-is-layout-flex">
<div class="wp-block-column is-layout-flow wp-block-column-is-layout-flow" style="flex-basis:33.33%">
<p><strong>Vorprogramm</strong></p>



<p>Alle Teilnehmenden und Helfenden (IST) nehmen entweder am Vorbereitungstreffen am 13. Oktober in Winterthur oder am Vorbereitungstreffen am 26. Oktober in Fribourg teil. Im Mai 2025 findet das gemeinsame Vorweekend statt.</p>



<div style="height:100px" aria-hidden="true" class="wp-block-spacer"></div>
</div>



<div class="wp-block-column table-wrapper is-layout-flow wp-block-column-is-layout-flow" style="flex-basis:66.66%">
<div class="wp-block-group alignfull has-base-2-background-color has-background has-global-padding is-content-justification-center is-layout-constrained wp-container-core-group-is-layout-bb491d83 wp-block-group-is-layout-constrained" style="border-style:none;border-width:0px;border-radius:25px;min-height:0px;margin-top:0;margin-bottom:0;padding-top:var(--wp--preset--spacing--40);padding-right:var(--wp--preset--spacing--50);padding-bottom:var(--wp--preset--spacing--40);padding-left:var(--wp--preset--spacing--50)">
<details class="wp-block-details has-medium-font-size is-layout-flow wp-container-core-details-is-layout-8a368f38 wp-block-details-is-layout-flow" style="text-decoration:none"><summary>Vorbereitungstreffen I: 13. Oktober 2024</summary>
<p style="margin-top:0;font-style:normal;font-weight:400">Die Teilnehmenden und Helfenden (IST) lernen sich kennen und werden mit allen wichtigen Informationen zu den Projekten und zum Moot versorgt. </p>
</details>



<details class="wp-block-details has-medium-font-size is-layout-flow wp-container-core-details-is-layout-8a368f38 wp-block-details-is-layout-flow" style="text-decoration:none"><summary>Vorbereitungstreffen II: 26. Oktober 2024</summary>
<p style="margin-top:0;font-style:normal;font-weight:400">Die Teilnehmenden und Helfenden (IST) lernen sich kennen und werden mit allen wichtigen Informationen zu den Projekten und zum Moot versorgt. </p>
</details>



<details class="wp-block-details has-medium-font-size is-layout-flow wp-container-core-details-is-layout-8a368f38 wp-block-details-is-layout-flow" style="text-decoration:none"><summary>Vorweekend: 17.-18. Mai 2025</summary>
<p style="margin-top:0;font-style:normal;font-weight:400">Die Schweizer Delegation verbringt ein gemeinsames Wochenende, schliesst die Vorbereitungen ab und stimmt sich gemeinsam aufs Moot ein.</p>
</details>
</div>
</div>
</div>



<div class="wp-block-columns alignwide is-layout-flex wp-container-core-columns-is-layout-7fc3d43a wp-block-columns-is-layout-flex">
<div class="wp-block-column is-layout-flow wp-block-column-is-layout-flow" style="flex-basis:33.33%">
<p><strong>Vorlager</strong></p>



<p>Am 20. Juli 2025 reist die Schweizer Delegation gemeinsam mit dem Flugzeug nach Portugal und verbringt dort ein Vorlager.</p>



<div style="height:100px" aria-hidden="true" class="wp-block-spacer"></div>
</div>



<div class="wp-block-column table-wrapper is-layout-flow wp-block-column-is-layout-flow" style="flex-basis:66.66%">
<div class="wp-block-group alignfull has-base-2-background-color has-background has-global-padding is-content-justification-center is-layout-constrained wp-container-core-group-is-layout-bb491d83 wp-block-group-is-layout-constrained" style="border-style:none;border-width:0px;border-radius:25px;min-height:0px;margin-top:0;margin-bottom:0;padding-top:var(--wp--preset--spacing--40);padding-right:var(--wp--preset--spacing--50);padding-bottom:var(--wp--preset--spacing--40);padding-left:var(--wp--preset--spacing--50)">
<details class="wp-block-details has-medium-font-size is-layout-flow wp-container-core-details-is-layout-8a368f38 wp-block-details-is-layout-flow" style="text-decoration:none"><summary>Hinreise: 20. Juli 2025</summary>
<p style="margin-top:0;font-style:normal;font-weight:400">Die Schweizer Delegation reist gemeinsam mit dem Flugzeug nach Portugal. </p>
</details>



<details class="wp-block-details alignwide is-layout-flow wp-block-details-is-layout-flow"><summary>Sonntag, 20. Juli 2025</summary>
<p style="margin-top:0;font-style:normal;font-weight:400">Übernachtung:&nbsp; Overnight at WOT Hostel Lisbon Patio&nbsp;</p>



<p style="margin-top:0;font-style:normal;font-weight:400">Programm: Travel to Lisbon / Welcome Activity&nbsp;</p>
</details>



<details class="wp-block-details alignwide is-layout-flow wp-block-details-is-layout-flow"><summary>Montag, 21. Juli 2025</summary>
<p style="margin-top:0;font-style:normal;font-weight:400">Übernachtung: Overnight at WOT Hostel Lisbon Patio&nbsp;</p>



<p style="margin-top:0;font-style:normal;font-weight:400">Programm: City tour in Lisbon / Special activities e.g Azulejo, Pastel de Nata&nbsp;&nbsp;</p>
</details>



<details class="wp-block-details alignwide is-layout-flow wp-block-details-is-layout-flow"><summary>Dienstag, 22. Juli 2025&nbsp;</summary>
<p style="margin-top:0;font-style:normal;font-weight:400">Übernachtung: Overnight at Évora Camping in your own tents&nbsp;</p>



<p style="margin-top:0;font-style:normal;font-weight:400">Programm: Hiking in subgroups along the rugged coast around Cabo da Roca</p>
</details>



<details class="wp-block-details alignwide is-layout-flow wp-block-details-is-layout-flow"><summary>Mittwoch, 23. Juli 2025&nbsp;&nbsp;</summary>
<p style="margin-top:0;font-style:normal;font-weight:400">Übernachtung: Overnight in Foz do Arelho, on the campsite, in your own tents</p>



<p style="margin-top:0;font-style:normal;font-weight:400">Programm: 3 workshops in subgroups:</p>



<ul class="wp-block-list">
<li>Tour of the cork and prickly pear farm</li>



<li>Cork processing in the factory&nbsp;</li>



<li>Foxtrail Évora&nbsp;</li>
</ul>
</details>



<details class="wp-block-details alignwide is-layout-flow wp-block-details-is-layout-flow"><summary>Donnerstag, 24. Juli 2025&nbsp;&nbsp;&nbsp;</summary>
<p style="margin-top:0;font-style:normal;font-weight:400">Übernachtung: Overnight in Foz do Arelho, on the campsite, in your own tents</p>



<p style="margin-top:0;font-style:normal;font-weight:400">Programm: 5 workshops:</p>



<ul class="wp-block-list">
<li>Kayaking: discovering Óbidos Lagoon</li>



<li>Hiking: trail with storytelling about the Óbidos Lagoon&nbsp;&nbsp;</li>



<li>Stand Up Paddle: in the Óbidos Lagoon</li>



<li>Waterbikes: experimental workshop</li>



<li>Basket weaving with Nuno&nbsp;</li>
</ul>
</details>
</div>



<p></p>
</div>
</div>



<div class="wp-block-columns alignwide is-layout-flex wp-container-core-columns-is-layout-7fc3d43a wp-block-columns-is-layout-flex">
<div class="wp-block-column is-layout-flow wp-block-column-is-layout-flow" style="flex-basis:33.33%">
<p><strong>Moot</strong></p>



<p>Während des Moots sind alle Teilnehmenden Teil einer internationalen Gruppe, eines Patrols, bestehend aus zehn Personen aus verschiedenen Regionen und Ländern der Welt. Die Patrols verbringen das ganze Moot gemeinsam, teilen sich einen Lagerplatz und kochen zusammen. Die ersten Tage gehen sie gemeinsam mit drei bis vier anderen Patrols auf einen sogenannten «Path». Nach fünf Tagen treffen sich alle im Hauptlager in der Nähe von Porto.</p>



<p></p>



<div style="height:100px" aria-hidden="true" class="wp-block-spacer"></div>
</div>



<div class="wp-block-column table-wrapper is-layout-flow wp-block-column-is-layout-flow" style="flex-basis:66.66%">
<div class="wp-block-group alignfull has-base-2-background-color has-background has-global-padding is-content-justification-center is-layout-constrained wp-container-core-group-is-layout-bb491d83 wp-block-group-is-layout-constrained" style="border-style:none;border-width:0px;border-radius:25px;min-height:0px;margin-top:0;margin-bottom:0;padding-top:var(--wp--preset--spacing--40);padding-right:var(--wp--preset--spacing--50);padding-bottom:var(--wp--preset--spacing--40);padding-left:var(--wp--preset--spacing--50)">
<details class="wp-block-details alignwide is-layout-flow wp-block-details-is-layout-flow" style="font-style:normal;font-weight:500"><summary>Eröffnungsfeier: 25. Juli 2025</summary>
<p style="margin-top:0;font-style:normal;font-weight:400">Das Moot startet mit der offiziellen Eröffnungsfeier in Lissabon.</p>
</details>



<details class="wp-block-details alignwide is-layout-flow wp-block-details-is-layout-flow" style="font-style:normal;font-weight:500"><summary>«Path»: 25.-29. Juli 2025</summary>
<p style="margin-top:0;font-style:normal;font-weight:400">Den ersten Teil des Moot verbringen die Patrols auf einem sogenannten «Path». Diese widmen sich den Themen:</p>



<ul class="wp-block-list">
<li>Nature &amp;&nbsp;adventure&nbsp;</li>



<li>Life &amp;&nbsp;spirituality&nbsp;</li>



<li>Culture &amp;&nbsp;art&nbsp;</li>



<li>Politics &amp;&nbsp;society&nbsp; </li>
</ul>
</details>



<details class="wp-block-details alignwide is-layout-flow wp-block-details-is-layout-flow" style="font-style:normal;font-weight:500"><summary>Hauptlager: 30. Juli-3. August 2025</summary>
<p style="margin-top:0;font-style:normal;font-weight:400">Das Hauptlager findet auf einem gemeinsamen Lagerplatz in der Nähe von Porto statt. Auf die Teilnehmenden warten internationales Pfadilager-Feeling sowie weitere Möglichkeiten, Freundschaften zu knüpfen und portugiesische Traditionen zu erleben. &nbsp;</p>
</details>



<details class="wp-block-details alignwide is-style-default is-layout-flow wp-container-core-details-is-layout-8a368f38 wp-block-details-is-layout-flow" style="border-style:none;border-width:0px"><summary>Rückreise: 4. August 2025</summary>
<p style="margin-top:0;font-style:normal;font-weight:400">Die Schweizer Delegation reist gemeinsam mit dem Flugzeug nach Hause.</p>
</details>
</div>
</div>
</div>

<p>Programm Das Moot bietet ein abwechslungsreiches Programm. Während des Vorlagerss lernt sich die Schweizer Delegation kennen und bereitet das Moot gemeinsam vor. Die Rover helfen aktiv mit. Wie sie sich beteiligen, entscheiden sie selbst. Sie können bei einem von der Delegationsleitung vorgeschlagenen Projekt mitwirken oder ihre eigenen Idee einbringen. Im Juli 2025 reisen wir alle [&hellip;]</p>
